). What is q(s)?
-13
Let q = 78 + -76. Let x(u) = 11*u**q - u**3 - 5*u - 10*u - 4 - 24*u**2 + 3*u. What is x(-12)?
-4
Let j = 19670 - 19641. Let y(a) = -a**3 + 29*a**2 + a - 4. Determine y(j).
25
Let g(v) be the first derivative of 5*v**2/2 - 34*v + 2765. Calculate g(9).
11
Let w(u) be the second derivative of 29*u**4/12 - 7*u**3/2 + u**2 - 54*u. Let y(x) = 18*x**2 - 14*x + 1. Let r(o) = -5*w(o) + 8*y(o). What is r(-5)?
8
Let y = 348 + -348. Let s(u) = -503*u**2 + 8 + y + 2 - u + 0*u + 504*u**2. Suppose -r - 12 = 4*b, -4*r + b = -b - 6. Determine s(r).
10
Let m(k) = -3*k**3 - 13*k - 7*k + 8*k**3 - 29 + k**3 - 5*k**3 + 5*k**2. Give m(-7).
13
Let c(l) be the third derivative of -l**6/360 + l**5/12 + l**4/24 - 37*l**3/3 - 70*l**2. Let z(k) be the first derivative of c(k). Let p = 7 + 2. What is z(p)?
10
Let x = -193 - -385. Suppose -2*u - 206 = -x. Let i(m) = -m**3 - 8*m**2 - 11*m - 9. Give i(u).
19
Let a(s) = -2*s**2 - 11*s + 5. Suppose 5*j + 39 = 2*b, 5*j - 7*j + b - 16 = 0. Give a(j).
-16
Suppose -297 = -9*a - 279. Let f(s) = 4*s**a - 20*s**3 + 5*s - 2*s + 6*s**3 - 2 + 5*s**3 + 10*s**3. Determine f(-3).
-2
Let x be 1 - (2 + -243 + 2). Let n be (x/9)/4*(-12)/(-8). Let g(r) = r - 21. Give g(n).
-11
Let r(s) = -25*s - 4. Suppose -3*h + 55 = -4*b, 0 = 3*h - b - 2*b - 60. Let y(u) = -5*u + 48 - h - 24 + 0*u. Let w(t) = 2*r(t) - 11*y(t). Calculate w(-2).
-7
Let r(b) = 380*b - 18. Let d(i) = -225*i + 9. Let v(w) = -5*d(w) - 3*r(w). What is v(1)?
-6
Let q(a) = 2*a**2 + 3*a + 8. Let s = 3718 + -3726. What is q(s)?
112
Let h(o) = -o**2 + 3*o - 8. Suppose -25*b = -8*b - 238. Suppose -22 = -6*k + b. What is h(k)?
-26
Let k(b) = -b**3 - 7*b**2 + 7*b - 16. Let y be k(-8). Let c be 0 + 1 + y/(-2). Let h be -5 - -5 - c/1. Let x(a) = a**2 + 4*a + 2. Calculate x(h).
7
Suppose 0 = y - 4*y - 3. Let v(g) = 3*g**2 - 195*g + 6. Let l be v(65). Let w(r) = -27 - 2*r**2 + 32 - l - 2*r**2. Calculate w(y).
-5
Let w(z) = -117*z + 14. Let l(x) = 13*x - 3. Let g(r) = -4*l(r) - w(r). Determine g(-1).
-67
Let w(f) be the third derivative of f**4/24 - 13*f**3/6 + 97*f**2. Let y(h) = 5*h - 1. Let i be y(3). Suppose -3*r + 22 + i = 0. Calculate w(r).
-1
Let p = 13 + -12. Suppose 0 = 7*z + p - 43. Let b(s) = 5 - 11*s**2 + 23*s**2 - 11*s**2 + 4 - z*s. What is b(6)?
9
Let z(m) = m**3 - 8*m**2 - 7*m - 10. Let r(s) = 3*s - 7. Let a be r(15). Let l = a + -33. Suppose -l*p + 0*p = -45. Calculate z(p).
8
Suppose -2*k - 3*l + 14 = -3, 0 = -l + 5. Let z be 1 + k - (1 - 2 - 3). Let j(o) = -o + 17. Let t(f) = -f + 18. Let r(q) = -4*j(q) + 3*t(q). Calculate r(z).
-8
Let o(u) = u**2 + 6*u - 6. Let s be 3 + -2 + 54/2. Suppose 0 = -29*d + 27*d - 2*r + 22, 16 = 4*r. Suppose k = 0, -4*t + 3*k - d*k - s = 0. Give o(t).
1
Let u = -639 + 39. Let c be (-2)/(4*(-4)/u*5). Let w(m) = 2*m + 14. What is w(c)?
-16
Let s(h) = -116*h**3 - 39*h**2 - 30*h - 47. Let q(v) = -41*v**3 - 13*v**2 - 10*v - 15. Let l(c) = -17*q(c) + 6*s(c). Calculate l(14).
29
Let g(h) be the first derivative of -h**4/4 - 20*h**3/3 + 3*h**2/2 + 43*h - 1598. Determine g(-20).
-17
Let z be (-4)/(-10) - 144/(-40). Suppose 0*f + 360 = -4*f - 4*k, 8 = -z*k. Let h be -1 - f/(-14) - (-8)/28. Let l(v) = v**3 + 6*v**2 - 8*v - 7. Determine l(h).
0
Let a(s) be the third derivative of 1/12*s**4 + 1/60*s**5 - 8*s + 0 + 9/40*s**6 + 1/6*s**3 - 3*s**2. Give a(-1).
-27
Let z(x) = 2*x**2 - 5*x. Let k(v) = 4*v**2 - 5*v + 1. Suppose 0 = 20*y - 33*y - 39. Let q(u) = y*k(u) + 4*z(u). Calculate q(-3).
-24
Let u = 117 + -122. Let l be (-6 + (-176)/(-20))*u/(-2). Let k(q) = -4*q + 3 + 1 + 0 - l. Determine k(-4).
13
Let v(p) = p**3 + 11*p**2 - 19*p + 1. Let c = 20887 - 20900. Determine v(c).
-90
Let m(c) = 81*c + 10*c**2 - 164 - 24*c + 19 - 9*c**2 + 781. Determine m(-15).
6
Let u(s) be the second derivative of -4/3*s**3 - 39*s - 4*s**2 - 1. Determine u(-2).
8
Let b(j) = 57*j**2 - 7 - 23*j**2 - 40*j**2 + 1 + j**3. Give b(6).
-6
Let p(h) be the second derivative of -h**5/20 + h**4/2 + 7*h**3/3 + 5*h**2 - 2*h. Let z(i) = -471*i + 13667. Let v be z(29). Determine p(v).
-6
Suppose 5 = -0*y + 5*y. Let p(m) = -13 + 6 - 3*m**2 + 2 + 2 + 2. Give p(y).
-4
Let c(b) = 6*b + 25. Let u = -1209 - -1204. Give c(u).
-5
Let c(y) = 3*y**2 + 21*y - 164. Let t be c(5). Let d(n) = n**3 - 17*n**2 + 17*n - 18. Calculate d(t).
-2
Suppose 0 = -4*y + 2*c + 22, -3*c - 21 = -3*y + y. Suppose -3*n = -4*n + y. Suppose 2*s + n + 1 = 0. Let q(a) = -4*a + 1. Calculate q(s).
9
Let p(v) be the third derivative of -v**6/120 - v**5/15 + v**4/4 + v**3/3 - 4*v**2. Let d be (-255)/(-9)*2*(-6)/(-4). Let w = -90 + d. What is p(w)?
-3
Let k(p) = 595622 - 297795 - 297801 + 4*p**2 - 24*p. Calculate k(2).
-6
Let p(j) = 55*j + 86. Let u(i) = -63*i - 91. Let x(q) = -9*p(q) - 8*u(q). What is x(4)?
-10
Suppose -147*m - 11042 = 18*m + 7933. Let u(d) = -121*d + 1. Let z be u(1). Let p = m - z. Let l(g) = g. What is l(p)?
5
Let n(h) be the first derivative of -h**5/40 + 7*h**4/12 + 52*h**3 + 124. Let j(q) be the third derivative of n(q). Calculate j(6).
-4
Let i = -554 - -554. Let t(h) be the third derivative of 1/24*h**4 - 1/60*h**5 + 0 + 3*h**2 + 0*h + 3/2*h**3. What is t(i)?
9
Let l(p) be the second derivative of -9*p**5/5 + p**2/2 - 644*p. What is l(-1)?
37
Suppose 0 = 2*c + 3*g + 2, 0 = -2*g + 3 - 11. Let h be (1/2)/(-3*c/1560). Let m = h - -55. Let i(n) = -2*n - 4. What is i(m)?
-10
Suppose -7 = 2*a - p, -5*a - 55*p - 19 = -56*p. Let z(r) = 3*r**2 + 5*r - 2. Determine z(a).
26
Let g(t) = -t**2 - 14*t - 41. Suppose 349*w - 326*w = -161. Calculate g(w).
8
Let c(g) be the second derivative of g**5/20 - 3*g**4/4 + 7*g**3/3 + 3*g**2 - 448*g. Determine c(7).
6
Let m(d) = 53 + 51 - d + 50 - 18*d**2 + 48 - 203. Calculate m(-1).
-18
Let k(y) = 8*y - 193. Let a(n) = -66. Let b(m) = 4*a(m) - k(m). What is b(-11)?
17
Let t be 114/18 - 2/(-3). Let j be 3 - (-4)/(-3 + t). Let y(p) = 192 - p + 241 - 431. What is y(j)?
-2
Let r(u) = -18*u + 21. Let l(i) = -i + 7. Let d(k) = 3*l(k) - r(k). Give d(-3).
-45
Let t be (27/(-18))/((-3)/22). Let d(l) = -9*l - 17. Let r(x) = 5*x + 8. Let m(k) = t*r(k) + 6*d(k). Determine m(8).
-6
Let f(m) be the second derivative of 11*m**3/6 - 9*m**2/2 + 332*m + 2. Give f(8).
79
Let r(n) be the second derivative of -n**4/12 + 3*n**2/2 + n. Suppose -2508 = -18*f + 2509 - 5017. Determine r(f).
3
Let u(z) = 2*z + 17. Suppose -5*a - 3*s + 110 - 44 = 0, a - 21 = 2*s. Let r be -14 + -1 - a/20*-8. Determine u(r).
-1
Suppose 527 = 2*x + 3*l, x - l = 276 - 15. Suppose 0 = -x*g + 258*g. Let d(o) = o - 10. Calculate d(g).
-10
Let j(t) = 5*t - t - t**3 - 6*t + t - 6*t**2 - 7. Let y(v) = -51*v + 912. Let b be y(18). What is j(b)?
-1
Suppose 0 = j - 4, 32 = 2*t - 0*t + 2*j. Let p(d) = 10*d**2 + 10*d**2 + t - 4 - 19*d**2 + 10*d. What is p(-10)?
8
Let a(y) = 9*y**3 + 10*y**2 + 2*y + 157. Let d(j) = 8*j**3 + 9*j**2 + 2*j + 135. Let s(g) = -6*a(g) + 7*d(g). Determine s(-3).
-30
Suppose 2*t = -75 + 93. Let s be (-1 - 14/(-10))/(t/90). Let i(h) = 9 - 7*h + h**2 + 3 - s. Determine i(7).
8
Let w(m) = -2*m + m**2 - 12 + 3*m - 2*m - m**3. Let o = 111 + -105. Suppose o = -3*l, s + 4*s - 5*l - 10 = 0. Give w(s).
-12
Suppose 2*y = 5*y. Let b(z) = -5*z + 16. Let a(u) = -2 + 0*u + 18 - 7*u. Let f(r) = -2*a(r) + 3*b(r). Calculate f(y).
16
Suppose 60 = 33*u - 6. Let i(p) = -p**3 - 157*p**u + 4*p + 3 + 164*p**2 - 16. Determine i(7).
15
Let p(k) = -k**3 + 9*k**2 - 4*k + 4. Let j be 4 - -5 - (47 - 46). What is p(j)?
36
Suppose -3*s - 13 = -79. Let l(f) = -6*f**3 + f**3 + 4*f**3 - 16*f**2 + s - 13*f. Let u be l(-15). Let c(m) = m + 2. Determine c(u).
-6
Let r be 36/8 + (2 - 21/6). Suppose r*k + 2*p + p - 6 = 0, -5*k = p - 22. Let i be (-14)/16 - k/40. Let z(v) = 3*v**2 + 2*v + 1. Determine z(i).
2
Let l(k) = 10*k**3 + 75*k**2 + 36*k + 5. Let h(d) = -3*d**3 - 25*d**2 - 12*d - 2. Let j(x) = -16*h(x) - 5*l(x). What is j(13)?
-6
Let t = -3507 - -3503. Let h(f) = 4*f - 1. Let j = 7 + -11. Let o(q) = 3*q - 1. Let z(r) = j*h(r) + 5*o(r). Give z(t).
3
Let m(p) = -9*p**2 + 11 + p**3 + 0*p**3 + 5*p + 0*p**3. Suppose -b = 3*c - 19, 4*c + 297*b - 296*b = 27. Give m(c).
-13
Suppose -q + 5*v + 10 = 0, 9*v = -2*q + 8*v - 2. Let d(f) be the second derivative of -46*f + 0 - 7/6*f**3 + q*f**2. Give d(-2).
14
Let y be -1*(5 - 3)/10 - 11/(-5). L